{"id":1060,"date":"2019-11-15T14:23:52","date_gmt":"2019-11-15T14:23:52","guid":{"rendered":"https:\/\/x-theme.net\/avas-education\/?page_id=176"},"modified":"2025-05-06T16:06:51","modified_gmt":"2025-05-06T14:06:51","slug":"actions-evenements","status":"publish","type":"page","link":"https:\/\/epa-garderielavanchy.com\/index.php\/actions-evenements\/","title":{"rendered":"Actions &#038; Ev\u00e8nements"},"content":{"rendered":"\t\t<div data-elementor-type=\"wp-page\" data-elementor-id=\"1060\" class=\"elementor elementor-1060\">\n\t\t\t\t<div class=\"elementor-element elementor-element-37ecd16 e-con-full e-flex e-con e-parent\" data-id=\"37ecd16\" data-element_type=\"container\">\n\t\t\t\t<div class=\"elementor-element elementor-element-3970878 elementor-widget__width-initial elementor-widget elementor-widget-heading\" data-id=\"3970878\" data-element_type=\"widget\" data-widget_type=\"heading.default\">\n\t\t\t\t<div class=\"elementor-widget-container\">\n\t\t\t<h2 class=\"elementor-heading-title elementor-size-default\"><b>Actions &amp; Ev\u00e9nements :<\/b><br><br><b>Nos activit\u00e9s de divertissement au sein de EPA avec les enfants \u00e0 Kinshasa<\/b><\/h2>\t\t<\/div>\n\t\t\t\t<\/div>\n\t\t\t\t<\/div>\n\t\t<div class=\"elementor-element elementor-element-9ae33c2 e-con-full e-flex e-con e-parent\" data-id=\"9ae33c2\" data-element_type=\"container\" data-settings=\"{&quot;background_background&quot;:&quot;slideshow&quot;,&quot;background_slideshow_gallery&quot;:[{&quot;id&quot;:1417,&quot;url&quot;:&quot;https:\\\/\\\/epa-garderielavanchy.com\\\/wp-content\\\/uploads\\\/2024\\\/12\\\/463437543_3213830538748382_3664128597131943601_n.jpg&quot;},{&quot;id&quot;:1416,&quot;url&quot;:&quot;https:\\\/\\\/epa-garderielavanchy.com\\\/wp-content\\\/uploads\\\/2024\\\/12\\\/463385569_3213830545415048_8573199345330279753_n.jpg&quot;},{&quot;id&quot;:238,&quot;url&quot;:&quot;https:\\\/\\\/epa-garderielavanchy.com\\\/wp-content\\\/uploads\\\/2024\\\/12\\\/11898762_685717578226370_2005991884795042968_n.jpg&quot;},{&quot;id&quot;:1415,&quot;url&quot;:&quot;https:\\\/\\\/epa-garderielavanchy.com\\\/wp-content\\\/uploads\\\/2024\\\/12\\\/463343339_3213830552081714_3088659698549036837_n.jpg&quot;},{&quot;id&quot;:1414,&quot;url&quot;:&quot;https:\\\/\\\/epa-garderielavanchy.com\\\/wp-content\\\/uploads\\\/2024\\\/12\\\/463259685_3213830535415049_5745435739291506788_n.jpg&quot;},{&quot;id&quot;:231,&quot;url&quot;:&quot;https:\\\/\\\/epa-garderielavanchy.com\\\/wp-content\\\/uploads\\\/2024\\\/12\\\/11896121_685717554893039_4746744026427313144_n.jpg&quot;},{&quot;id&quot;:242,&quot;url&quot;:&quot;https:\\\/\\\/epa-garderielavanchy.com\\\/wp-content\\\/uploads\\\/2024\\\/12\\\/11216259_685717444893050_3442685555211964136_n.jpg&quot;}],&quot;background_slideshow_slide_duration&quot;:2000,&quot;background_slideshow_lazyload&quot;:&quot;yes&quot;,&quot;background_slideshow_ken_burns&quot;:&quot;yes&quot;,&quot;background_slideshow_loop&quot;:&quot;yes&quot;,&quot;background_slideshow_slide_transition&quot;:&quot;fade&quot;,&quot;background_slideshow_transition_duration&quot;:500,&quot;background_slideshow_ken_burns_zoom_direction&quot;:&quot;in&quot;}\">\n\t\t\t\t<\/div>\n\t\t<div class=\"elementor-element elementor-element-4d0ba59 e-flex e-con-boxed e-con e-parent\" data-id=\"4d0ba59\" data-element_type=\"container\">\n\t\t\t\t\t<div class=\"e-con-inner\">\n\t\t\t\t\t<\/div>\n\t\t\t\t<\/div>\n\t\t<div class=\"elementor-element elementor-element-e572b90 e-flex e-con-boxed e-con e-parent\" data-id=\"e572b90\" data-element_type=\"container\">\n\t\t\t\t\t<div class=\"e-con-inner\">\n\t\t\t\t<div class=\"elementor-element elementor-element-4c77e1c elementor-widget elementor-widget-heading\" data-id=\"4c77e1c\" data-element_type=\"widget\" data-widget_type=\"heading.default\">\n\t\t\t\t<div class=\"elementor-widget-container\">\n\t\t\t<h2 class=\"elementor-heading-title elementor-size-default\">Journ\u00e9e de Portes ouvertes \u00e0 la Garderie LAVANCHY <br><\/h2>\t\t<\/div>\n\t\t\t\t<\/div>\n\t\t\t\t\t<\/div>\n\t\t\t\t<\/div>\n\t\t<div class=\"elementor-element elementor-element-dd45b07 e-flex e-con-boxed e-con e-parent\" data-id=\"dd45b07\" data-element_type=\"container\" data-settings=\"{&quot;background_background&quot;:&quot;classic&quot;}\">\n\t\t\t\t\t<div class=\"e-con-inner\">\n\t\t\t\t\t<\/div>\n\t\t\t\t<\/div>\n\t\t<div class=\"elementor-element elementor-element-f6b6e89 e-flex e-con-boxed e-con e-parent\" data-id=\"f6b6e89\" data-element_type=\"container\">\n\t\t\t\t\t<div class=\"e-con-inner\">\n\t\t\t\t<div class=\"elementor-element elementor-element-4ffd09a elementor-widget elementor-widget-heading\" data-id=\"4ffd09a\" data-element_type=\"widget\" data-widget_type=\"heading.default\">\n\t\t\t\t<div class=\"elementor-widget-container\">\n\t\t\t<h1 class=\"elementor-heading-title elementor-size-default\">Sortie des enfants pour la d\u00e9couverte !<\/h1>\t\t<\/div>\n\t\t\t\t<\/div>\n\t\t\t\t\t<\/div>\n\t\t\t\t<\/div>\n\t\t<div class=\"elementor-element elementor-element-e5ea202 e-flex e-con-boxed e-con e-parent\" data-id=\"e5ea202\" data-element_type=\"container\" data-settings=\"{&quot;background_background&quot;:&quot;slideshow&quot;,&quot;background_slideshow_gallery&quot;:[{&quot;id&quot;:1527,&quot;url&quot;:&quot;https:\\\/\\\/epa-garderielavanchy.com\\\/wp-content\\\/uploads\\\/2025\\\/05\\\/WhatsApp-Image-2025-04-28-a-23.48.30_c4be3ebe.jpg&quot;},{&quot;id&quot;:1526,&quot;url&quot;:&quot;https:\\\/\\\/epa-garderielavanchy.com\\\/wp-content\\\/uploads\\\/2025\\\/05\\\/IMG-20250429-WA0030.jpg&quot;},{&quot;id&quot;:1525,&quot;url&quot;:&quot;https:\\\/\\\/epa-garderielavanchy.com\\\/wp-content\\\/uploads\\\/2025\\\/05\\\/IMG-20250429-WA0026.jpg&quot;},{&quot;id&quot;:1524,&quot;url&quot;:&quot;https:\\\/\\\/epa-garderielavanchy.com\\\/wp-content\\\/uploads\\\/2025\\\/05\\\/IMG-20250429-WA0025.jpg&quot;},{&quot;id&quot;:1523,&quot;url&quot;:&quot;https:\\\/\\\/epa-garderielavanchy.com\\\/wp-content\\\/uploads\\\/2025\\\/05\\\/IMG-20250429-WA0024.jpg&quot;},{&quot;id&quot;:1522,&quot;url&quot;:&quot;https:\\\/\\\/epa-garderielavanchy.com\\\/wp-content\\\/uploads\\\/2025\\\/05\\\/IMG-20250429-WA0023.jpg&quot;},{&quot;id&quot;:1520,&quot;url&quot;:&quot;https:\\\/\\\/epa-garderielavanchy.com\\\/wp-content\\\/uploads\\\/2025\\\/05\\\/IMG-20250429-WA0021.jpg&quot;},{&quot;id&quot;:1519,&quot;url&quot;:&quot;https:\\\/\\\/epa-garderielavanchy.com\\\/wp-content\\\/uploads\\\/2025\\\/05\\\/IMG-20250429-WA0020.jpg&quot;},{&quot;id&quot;:1518,&quot;url&quot;:&quot;https:\\\/\\\/epa-garderielavanchy.com\\\/wp-content\\\/uploads\\\/2025\\\/05\\\/IMG-20250429-WA0019.jpg&quot;},{&quot;id&quot;:1517,&quot;url&quot;:&quot;https:\\\/\\\/epa-garderielavanchy.com\\\/wp-content\\\/uploads\\\/2025\\\/05\\\/IMG-20250429-WA0018.jpg&quot;},{&quot;id&quot;:1506,&quot;url&quot;:&quot;https:\\\/\\\/epa-garderielavanchy.com\\\/wp-content\\\/uploads\\\/2025\\\/05\\\/IMG-20250429-WA0007.jpg&quot;},{&quot;id&quot;:1507,&quot;url&quot;:&quot;https:\\\/\\\/epa-garderielavanchy.com\\\/wp-content\\\/uploads\\\/2025\\\/05\\\/IMG-20250429-WA0008.jpg&quot;},{&quot;id&quot;:1508,&quot;url&quot;:&quot;https:\\\/\\\/epa-garderielavanchy.com\\\/wp-content\\\/uploads\\\/2025\\\/05\\\/IMG-20250429-WA0009.jpg&quot;},{&quot;id&quot;:1509,&quot;url&quot;:&quot;https:\\\/\\\/epa-garderielavanchy.com\\\/wp-content\\\/uploads\\\/2025\\\/05\\\/IMG-20250429-WA0010.jpg&quot;},{&quot;id&quot;:1510,&quot;url&quot;:&quot;https:\\\/\\\/epa-garderielavanchy.com\\\/wp-content\\\/uploads\\\/2025\\\/05\\\/IMG-20250429-WA0011.jpg&quot;},{&quot;id&quot;:1511,&quot;url&quot;:&quot;https:\\\/\\\/epa-garderielavanchy.com\\\/wp-content\\\/uploads\\\/2025\\\/05\\\/IMG-20250429-WA0012.jpg&quot;},{&quot;id&quot;:1512,&quot;url&quot;:&quot;https:\\\/\\\/epa-garderielavanchy.com\\\/wp-content\\\/uploads\\\/2025\\\/05\\\/IMG-20250429-WA0013.jpg&quot;},{&quot;id&quot;:1513,&quot;url&quot;:&quot;https:\\\/\\\/epa-garderielavanchy.com\\\/wp-content\\\/uploads\\\/2025\\\/05\\\/IMG-20250429-WA0014.jpg&quot;},{&quot;id&quot;:1514,&quot;url&quot;:&quot;https:\\\/\\\/epa-garderielavanchy.com\\\/wp-content\\\/uploads\\\/2025\\\/05\\\/IMG-20250429-WA0015.jpg&quot;},{&quot;id&quot;:1515,&quot;url&quot;:&quot;https:\\\/\\\/epa-garderielavanchy.com\\\/wp-content\\\/uploads\\\/2025\\\/05\\\/IMG-20250429-WA0016.jpg&quot;},{&quot;id&quot;:1516,&quot;url&quot;:&quot;https:\\\/\\\/epa-garderielavanchy.com\\\/wp-content\\\/uploads\\\/2025\\\/05\\\/IMG-20250429-WA0017.jpg&quot;},{&quot;id&quot;:1505,&quot;url&quot;:&quot;https:\\\/\\\/epa-garderielavanchy.com\\\/wp-content\\\/uploads\\\/2025\\\/05\\\/IMG-20250429-WA0006.jpg&quot;},{&quot;id&quot;:1503,&quot;url&quot;:&quot;https:\\\/\\\/epa-garderielavanchy.com\\\/wp-content\\\/uploads\\\/2025\\\/05\\\/IMG-20250429-WA0004.jpg&quot;}],&quot;background_slideshow_slide_duration&quot;:3000,&quot;background_slideshow_loop&quot;:&quot;yes&quot;,&quot;background_slideshow_slide_transition&quot;:&quot;fade&quot;,&quot;background_slideshow_transition_duration&quot;:500}\">\n\t\t\t\t\t<div class=\"e-con-inner\">\n\t\t\t\t\t<\/div>\n\t\t\t\t<\/div>\n\t\t\t\t<\/div>\n\t\t","protected":false},"excerpt":{"rendered":"<p class=\"tx-excerpt\">Actions &amp; Ev\u00e9nements : Nos activit\u00e9s de divertissement au sein de EPA avec les enfants \u00e0 Kinshasa Journ\u00e9e de Portes <\/p>","protected":false},"author":2,"featured_media":0,"parent":0,"menu_order":0,"comment_status":"closed","ping_status":"closed","template":"templates\/blog.php","meta":{"footnotes":""},"class_list":["post-1060","page","type-page","status-publish","hentry"],"yoast_head":"<!-- This site is optimized with the Yoast SEO plugin v24.0 - https:\/\/yoast.com\/wordpress\/plugins\/seo\/ -->\n<title>Actions &amp; Ev\u00e8nements - Espoir pour l&#039;Avenir \/ ASBL<\/title>\n<meta name=\"robots\" content=\"index, follow, max-snippet:-1, max-image-preview:large, max-video-preview:-1\" \/>\n<link rel=\"canonical\" href=\"https:\/\/epa-garderielavanchy.com\/index.php\/actions-evenements\/\" \/>\n<meta property=\"og:locale\" content=\"fr_FR\" \/>\n<meta property=\"og:type\" content=\"article\" \/>\n<meta property=\"og:title\" content=\"Actions &amp; Ev\u00e8nements - Espoir pour l&#039;Avenir \/ ASBL\" \/>\n<meta property=\"og:description\" content=\"Actions &amp; Ev\u00e9nements : Nos activit\u00e9s de divertissement au sein de EPA avec les enfants \u00e0 Kinshasa Journ\u00e9e de Portes [&hellip;]\" \/>\n<meta property=\"og:url\" content=\"https:\/\/epa-garderielavanchy.com\/index.php\/actions-evenements\/\" \/>\n<meta property=\"og:site_name\" content=\"Espoir pour l&#039;Avenir \/ ASBL\" \/>\n<meta property=\"article:modified_time\" content=\"2025-05-06T14:06:51+00:00\" \/>\n<meta name=\"twitter:card\" content=\"summary_large_image\" \/>\n<meta name=\"twitter:label1\" content=\"Dur\u00e9e de lecture estim\u00e9e\" \/>\n\t<meta name=\"twitter:data1\" content=\"1 minute\" \/>\n<script type=\"application\/ld+json\" class=\"yoast-schema-graph\">{\"@context\":\"https:\/\/schema.org\",\"@graph\":[{\"@type\":\"WebPage\",\"@id\":\"https:\/\/epa-garderielavanchy.com\/index.php\/actions-evenements\/\",\"url\":\"https:\/\/epa-garderielavanchy.com\/index.php\/actions-evenements\/\",\"name\":\"Actions & Ev\u00e8nements - Espoir pour l&#039;Avenir \/ ASBL\",\"isPartOf\":{\"@id\":\"https:\/\/epa-garderielavanchy.com\/#website\"},\"datePublished\":\"2019-11-15T14:23:52+00:00\",\"dateModified\":\"2025-05-06T14:06:51+00:00\",\"breadcrumb\":{\"@id\":\"https:\/\/epa-garderielavanchy.com\/index.php\/actions-evenements\/#breadcrumb\"},\"inLanguage\":\"fr-FR\",\"potentialAction\":[{\"@type\":\"ReadAction\",\"target\":[\"https:\/\/epa-garderielavanchy.com\/index.php\/actions-evenements\/\"]}]},{\"@type\":\"BreadcrumbList\",\"@id\":\"https:\/\/epa-garderielavanchy.com\/index.php\/actions-evenements\/#breadcrumb\",\"itemListElement\":[{\"@type\":\"ListItem\",\"position\":1,\"name\":\"Accueil\",\"item\":\"https:\/\/epa-garderielavanchy.com\/\"},{\"@type\":\"ListItem\",\"position\":2,\"name\":\"Actions &#038; Ev\u00e8nements\"}]},{\"@type\":\"WebSite\",\"@id\":\"https:\/\/epa-garderielavanchy.com\/#website\",\"url\":\"https:\/\/epa-garderielavanchy.com\/\",\"name\":\"Espoir pour l&#039;Avenir \/ ASBL\",\"description\":\"Espoir pour l&#039;avenir (EPA)\",\"publisher\":{\"@id\":\"https:\/\/epa-garderielavanchy.com\/#organization\"},\"potentialAction\":[{\"@type\":\"SearchAction\",\"target\":{\"@type\":\"EntryPoint\",\"urlTemplate\":\"https:\/\/epa-garderielavanchy.com\/?s={search_term_string}\"},\"query-input\":{\"@type\":\"PropertyValueSpecification\",\"valueRequired\":true,\"valueName\":\"search_term_string\"}}],\"inLanguage\":\"fr-FR\"},{\"@type\":\"Organization\",\"@id\":\"https:\/\/epa-garderielavanchy.com\/#organization\",\"name\":\"Espoir pour l&#039;Avenir \/ ASBL\",\"url\":\"https:\/\/epa-garderielavanchy.com\/\",\"logo\":{\"@type\":\"ImageObject\",\"inLanguage\":\"fr-FR\",\"@id\":\"https:\/\/epa-garderielavanchy.com\/#\/schema\/logo\/image\/\",\"url\":\"https:\/\/epa-garderielavanchy.com\/wp-content\/uploads\/2024\/12\/Logo_EPA.jpg\",\"contentUrl\":\"https:\/\/epa-garderielavanchy.com\/wp-content\/uploads\/2024\/12\/Logo_EPA.jpg\",\"width\":500,\"height\":500,\"caption\":\"Espoir pour l&#039;Avenir \/ ASBL\"},\"image\":{\"@id\":\"https:\/\/epa-garderielavanchy.com\/#\/schema\/logo\/image\/\"}}]}<\/script>\n<!-- \/ Yoast SEO plugin. -->","yoast_head_json":{"title":"Actions & Ev\u00e8nements - Espoir pour l&#039;Avenir \/ ASBL","robots":{"index":"index","follow":"follow","max-snippet":"max-snippet:-1","max-image-preview":"max-image-preview:large","max-video-preview":"max-video-preview:-1"},"canonical":"https:\/\/epa-garderielavanchy.com\/index.php\/actions-evenements\/","og_locale":"fr_FR","og_type":"article","og_title":"Actions & Ev\u00e8nements - Espoir pour l&#039;Avenir \/ ASBL","og_description":"Actions &amp; Ev\u00e9nements : Nos activit\u00e9s de divertissement au sein de EPA avec les enfants \u00e0 Kinshasa Journ\u00e9e de Portes [&hellip;]","og_url":"https:\/\/epa-garderielavanchy.com\/index.php\/actions-evenements\/","og_site_name":"Espoir pour l&#039;Avenir \/ ASBL","article_modified_time":"2025-05-06T14:06:51+00:00","twitter_card":"summary_large_image","twitter_misc":{"Dur\u00e9e de lecture estim\u00e9e":"1 minute"},"schema":{"@context":"https:\/\/schema.org","@graph":[{"@type":"WebPage","@id":"https:\/\/epa-garderielavanchy.com\/index.php\/actions-evenements\/","url":"https:\/\/epa-garderielavanchy.com\/index.php\/actions-evenements\/","name":"Actions & Ev\u00e8nements - Espoir pour l&#039;Avenir \/ ASBL","isPartOf":{"@id":"https:\/\/epa-garderielavanchy.com\/#website"},"datePublished":"2019-11-15T14:23:52+00:00","dateModified":"2025-05-06T14:06:51+00:00","breadcrumb":{"@id":"https:\/\/epa-garderielavanchy.com\/index.php\/actions-evenements\/#breadcrumb"},"inLanguage":"fr-FR","potentialAction":[{"@type":"ReadAction","target":["https:\/\/epa-garderielavanchy.com\/index.php\/actions-evenements\/"]}]},{"@type":"BreadcrumbList","@id":"https:\/\/epa-garderielavanchy.com\/index.php\/actions-evenements\/#breadcrumb","itemListElement":[{"@type":"ListItem","position":1,"name":"Accueil","item":"https:\/\/epa-garderielavanchy.com\/"},{"@type":"ListItem","position":2,"name":"Actions &#038; Ev\u00e8nements"}]},{"@type":"WebSite","@id":"https:\/\/epa-garderielavanchy.com\/#website","url":"https:\/\/epa-garderielavanchy.com\/","name":"Espoir pour l&#039;Avenir \/ ASBL","description":"Espoir pour l&#039;avenir (EPA)","publisher":{"@id":"https:\/\/epa-garderielavanchy.com\/#organization"},"potentialAction":[{"@type":"SearchAction","target":{"@type":"EntryPoint","urlTemplate":"https:\/\/epa-garderielavanchy.com\/?s={search_term_string}"},"query-input":{"@type":"PropertyValueSpecification","valueRequired":true,"valueName":"search_term_string"}}],"inLanguage":"fr-FR"},{"@type":"Organization","@id":"https:\/\/epa-garderielavanchy.com\/#organization","name":"Espoir pour l&#039;Avenir \/ ASBL","url":"https:\/\/epa-garderielavanchy.com\/","logo":{"@type":"ImageObject","inLanguage":"fr-FR","@id":"https:\/\/epa-garderielavanchy.com\/#\/schema\/logo\/image\/","url":"https:\/\/epa-garderielavanchy.com\/wp-content\/uploads\/2024\/12\/Logo_EPA.jpg","contentUrl":"https:\/\/epa-garderielavanchy.com\/wp-content\/uploads\/2024\/12\/Logo_EPA.jpg","width":500,"height":500,"caption":"Espoir pour l&#039;Avenir \/ ASBL"},"image":{"@id":"https:\/\/epa-garderielavanchy.com\/#\/schema\/logo\/image\/"}}]}},"jetpack_sharing_enabled":true,"jetpack-related-posts":[],"_links":{"self":[{"href":"https:\/\/epa-garderielavanchy.com\/index.php\/wp-json\/wp\/v2\/pages\/1060","targetHints":{"allow":["GET"]}}],"collection":[{"href":"https:\/\/epa-garderielavanchy.com\/index.php\/wp-json\/wp\/v2\/pages"}],"about":[{"href":"https:\/\/epa-garderielavanchy.com\/index.php\/wp-json\/wp\/v2\/types\/page"}],"author":[{"embeddable":true,"href":"https:\/\/epa-garderielavanchy.com\/index.php\/wp-json\/wp\/v2\/users\/2"}],"replies":[{"embeddable":true,"href":"https:\/\/epa-garderielavanchy.com\/index.php\/wp-json\/wp\/v2\/comments?post=1060"}],"version-history":[{"count":43,"href":"https:\/\/epa-garderielavanchy.com\/index.php\/wp-json\/wp\/v2\/pages\/1060\/revisions"}],"predecessor-version":[{"id":1530,"href":"https:\/\/epa-garderielavanchy.com\/index.php\/wp-json\/wp\/v2\/pages\/1060\/revisions\/1530"}],"wp:attachment":[{"href":"https:\/\/epa-garderielavanchy.com\/index.php\/wp-json\/wp\/v2\/media?parent=1060"}],"curies":[{"name":"wp","href":"https:\/\/api.w.org\/{rel}","templated":true}]}}